= 33 + f. What is the remainder when 43 - 1 - (-4 + 2) is divided by k?
21
Suppose -4*w - 158 = 2*q, -5*q = -0*q - 2*w + 347. Let u = -43 - q. Let i = 41 - u. What is the remainder when i is divided by 5?
3
Let u(x) = -x**3 - 2*x**2 - 3*x + 7. Calculate the remainder when u(-5) is divided by 5.
2
Let q(p) = p**2 + 3. Suppose 3*g - 45 = -5*z, -3*g = 4*z - 0*z - 39. Suppose -b - z*b = -70. What is the remainder when q(5) is divided by b?
8
Suppose -294 = -53*l + 39*l. Let a(s) = -2*s**3 + 2*s + 3. Calculate the remainder when a(-4) is divided by l.
18
Let b = 341 + -64. What is the remainder when b is divided by 35?
32
Suppose 0 = r + 52 - 57. Suppose -r*l = -64 + 14. Suppose -5*i - 20 = 0, 3*i = -5*q + 4*i + 94. Calculate the remainder when q is divided by l.
8
Suppose 25*s = 4981 - 1431. What is the remainder when s is divided by 13?
12
Let f(i) = -5*i + 4 + 2*i - 2*i + 3*i. Let z = -34 - -30. Calculate the remainder when 45 is divided by f(z).
9
Let z(h) = 2*h**3 - 3*h**2 + 4*h - 6. Calculate the remainder when 116 is divided by z(3).
17
Suppose 5*v - 98 = -4*y, -v = -3*v + 2*y + 32. Suppose 0 = 6*s - 4*s - 180. Let l = -19 + s. Calculate the remainder when l is divided by v.
17
Let c = 8 + -4. Let w = -23 + 19. Calculate the remainder when c is divided by ((-30)/(-45))/(w/(-6)).
0
Let q = -291 - -292. Calculate the remainder when 82 is divided by q.
0
Suppose 4*a = -7*a + 110. Calculate the remainder when 17 is divided by a.
7
Suppose 73*r - 112 = 57*r. What is the remainder when 29 is divided by r?
1
Let i = -9 - -15. Let q(w) = w**2 + w - 6. Let u = -1482 - -1502. Calculate the remainder when q(i) is divided by u.
16
Suppose -1428 = -41*c - 10*c. Calculate the remainder when 95 is divided by c.
11
Suppose -a - 4*a = -130. Suppose 1260*g - 1264*g + 400 = 0. What is the remainder when g is divided by a?
22
Suppose 2*w + 4*z - 54 = -0*w, -40 = -2*w + 3*z. Let o(x) = x**3 + 23*x**2 + 75*x + 34. What is the remainder when o(-19) is divided by w?
7
Let m(y) = y**3 - 5*y**2 - 5*y + 4. Calculate the remainder when m(7) is divided by (28/(-6))/((-22)/66).
11
Let c = 133 + -121. Suppose -155 = -5*v + 15. What is the remainder when v is divided by c?
10
Calculate the remainder when 82 is divided by (22 - 2*(-7)/14) + 6.
24
Suppose 0 = -3*b - 0*b + 138. Calculate the remainder when b is divided by (-46)/(-6) - (-3)/9.
6
Let h(v) be the first derivative of 44*v**3/3 - v**2 + v + 1. What is the remainder when h(1) is divided by 3 + (0 - 1) + 9?
10
Let q(p) = p + 10. Let t be (-4 - -8)*4/8. Suppose 3*w - t*n = 50, w - 3*n = -6*n + 24. Calculate the remainder when w is divided by q(0).
8
Suppose -r + x + 43 = 3*r, -r = x - 7. What is the remainder when 277 is divided by r?
7
What is the remainder when 169 is divided by 172/(-1 - 1)*(-7)/14?
40
Suppose 0 = -3*q - 3*r - 27, -4 = r + r. Calculate the remainder when (((-56)/5)/7)/((-6)/15) is divided by 2/(-5)*(q - -2).
0
Let c be 76/(-4) + (-3)/(-1). Let p be c + (3 + -3)*1. Calculate the remainder when 57 is divided by (-183)/(-12) - (-4)/p.
12
Suppose -2*u - u = 9. Calculate the remainder when 69 is divided by ((-3)/(-3) + u - -5) + 11.
13
Let p = -20 - -30. Calculate the remainder when 33 is divided by p.
3
Let o(m) = -m**3 + 5*m**2 + 2*m. What is the remainder when ((-1)/((-5)/86))/(16/80) is divided by o(4)?
14
Let c(k) = -k**2 - 9*k + 4. Let m be c(-9). Suppose -v = -5*i - 258, 4*v - 44 - 70 = 2*i. What is the remainder when -3 + (m - 8 - i) is divided by 12?
8
Let t(o) = -o**2 - 14*o + 58. Calculate the remainder when t(-13) is divided by 58.
13
Suppose 18*k - 112 = 10*k. Calculate the remainder when 115 is divided by k.
3
Suppose -30*p + 92 = -7*p. Suppose -4*i = -m + 106, -p*m = -2*m + 4*i - 152. Calculate the remainder when m is divided by 13.
8
Let s be 1 + 4/4 + -2. Suppose -5*h + 2*v + 274 = s, 4*v = -v - 10. Calculate the remainder when h is divided by 14.
12
Let d(j) = 3*j - 2. Let b(y) = -10*y + 5. Let k(g) = -3*b(g) - 8*d(g). Let n(r) = 9*r**3 - r**2 + 2*r - 1. Calculate the remainder when k(4) is divided by n(1).
7
Suppose 59*p - 26916 = -1723. Calculate the remainder when p is divided by 27.
22
Suppose 0 = 5*m - c - 29, 2*m + 4*c - 18 = -2. What is the remainder when m/(12/(-160)*-4) is divided by 8?
4
Suppose j - 3*a - 36 = -j, -2*a = 2*j - 26. Suppose 0 = p + 2*c - j, c + 33 = 3*p + 3*c. Calculate the remainder when 35 is divided by p.
8
Let w = -398 + 597. Calculate the remainder when w is divided by 42.
31
Let m be (-2 - -3)/(1/(-3)). Suppose -q - 3*q = -s - 215, -5*s = -2*q + 121. What is the remainder when q is divided by m/15 - (-71)/5?
11
Suppose 0*s = 2*s - 6. Let v(i) = -73*i + 3730. What is the remainder when v(51) is divided by s?
1
Suppose 42*r = 27*r + 90. Calculate the remainder when 269 is divided by r.
5
Let v(u) = -u**3 - u**2 + 8*u + 9. What is the remainder when 4 is divided by v(-3)?
1
Suppose 277*p = -100*p - 365*p + 14840. Let w = -4 - -7. Suppose -w + 19 = 2*s. What is the remainder when p is divided by s?
4
Suppose w - 4*w = -39. Let c = w + -24. Calculate the remainder when 46 is divided by (4/5)/(c/(-165)).
10
Let q(k) be the second derivative of -k**4/6 - 7*k**3/2 + 5*k**2 - 25*k. Calculate the remainder when 93 is divided by q(-10).
13
Let u(n) = 11*n - 12. What is the remainder when 113 is divided by u(2)?
3
Let g(x) = -x**2 - 4*x + 2. Let a be g(-4). Suppose a*s - 14 + 0 = 0. Suppose -3*f = 9, 2*q + 66 = 5*q + 5*f. Calculate the remainder when q is divided by s.
6
What is the remainder when 263 is divided by 3/(4 + ((-174)/44 - 0))?
65
Let x(j) = -j**3 + 8*j**2 + 23*j - 4. Suppose -a + 4*b + 51 = 0, a - 2*b + 5*b - 51 = 0. What is the remainder when a is divided by x(10)?
25
Let x = 478 + -278. Calculate the remainder when x is divided by 99.
2
Let m be (-16)/(-6) + -3*(-1)/9. Calculate the remainder when 122 is divided by -124*(6/(-8))/m.
29
Suppose 0 = -0*k + 4*k - 2*f + 2, k - f + 3 = 0. Let z = -11 - -11. Suppose -c + 4*q + 27 = z, 0 + k = -2*q. Calculate the remainder when 68 is divided by c.
22
Let q be (-3)/(-1) + (7 - 0). Let a(l) = l**2 + 2*l - 9. Let s be a(4). Let r = s - q. What is the remainder when 13 is divided by r?
3
Let o be (-24)/4*4/(-8). Suppose 0 = g + 2*f - 0 - 6, -o*g = f - 3. Suppose 33 = 3*q - g*q. What is the remainder when 19 is divided by q?
8
Let h be 18/45 + (-33)/(-5). Suppose -5*o = 3*m - 112, -h*m + 111 = -3*m - o. What is the remainder when m is divided by (-14)/(-1) - (-4 + 7)?
7
Suppose -4*u = 2*j - 162, -3*u = -2*j + 3*j - 123. Suppose d - 2*d + u = 0. Calculate the remainder when d is divided by ((-26)/(-4) - 1)*2.
9
Let p = 21 + -11. What is the remainder when 89 is divided by (-5)/(p/(-2)) - -22?
20
Suppose 0 = -3*z - 90 + 138. What is the remainder when 66 is divided by z?
2
Suppose -5*o - 14*u + 1297 = -10*u, -u - 1282 = -5*o. Calculate the remainder when o is divided by 68.
53
Let t(s) = s**2 - 10*s + 11. Let g be t(10). Let c = -7 + g. Suppose c*r = r + 21. What is the remainder when r is divided by 2?
1
Suppose -49 = -2*d - b, -4*d + 7*b + 113 = 12*b. Calculate the remainder when 81 is divided by d.
15
What is the remainder when 182 is divided by -21 + 47 + -5*1 - -2?
21
Suppose 0 = -z - 4 + 6, -3*g - 2*z + 802 = 0. What is the remainder when g is divided by 6?
2
Suppose 2*f - 3*f - 5 = -4*h, -h = -2*f + 4. Let g = 0 - 0. Suppose g = f*u - 27 + 3. What is the remainder when 30 is divided by u?
6
Suppose 307*b + 57 = 308*b. What is the remainder when b is divided by 285/25 + 9/15?
9
Suppose 10*w = 9*w + 3*t - 1, -5*t + 39 = 3*w. What is the remainder when 164 is divided by w?
4
Let j(a) = a**3 - 6*a**2 - a + 27. Let x = -60 - -66. What is the remainder when 102 is divided by j(x)?
18
What is the remainder when 1352/32*(-2 - (2 + -8)) is divided by 43?
40
Let s = 428 - 349. What is the remainder when s is divided by 12?
7
Suppose -3*o + n = -141 + 4, -n - 47 = -o. Let l(d) = -7*d + 12. Calculate the remainder when o is divided by l(0).
9
Let t(r) be the first derivative of -1/4*r**4 + 5/2*r**2 - 3*r + 2/3*r**3 - 4. What is the remainder when 14 is divided by t(3)?
2
Let c = 16 - -5. What is the remainder when 10*(-8)/(-360) + (-1641)/(-27) is divided by c?
19
What is the remainder when 30/(-45) + (-1464)/(-9) i